+ z. Is d prime?
False
Let n be (-3)/(2/(-2)) - -2. Suppose n*k = -9 + 34. Is 11*(-1)/(-1)*k a prime number?
False
Suppose 0*s = 4*s - 64. Let v be (-78)/(-2) - (-1)/1. Is (-34)/(-1)*v/s composite?
True
Suppose t + 20 = -9. Let f = 59 + t. Let u = f - 17. Is u a composite number?
False
Let q(m) = 0 + 6*m**2 - m**3 + m - 2 - 2*m**2. Let a be q(4). Suppose 30 = 2*d - k, 4*k = -a*d - 0*k + 30. Is d prime?
False
Let q = -122 + 303. Let n = -14 - -98. Let k = q - n. Is k prime?
True
Suppose 100 = q - 3*h, -5*q - h + 242 = -306. Is q a composite number?
False
Let t = -728 + 366. Let v = t + 255. Let k = 70 - v. Is k prime?
False
Is (-1477)/28*(1 + -21) a composite number?
True
Is 2 - 2*202/(-4) a prime number?
True
Let v be (-14)/(-21)*(9 + 0). Is 3/v - 724/(-8) a prime number?
False
Suppose 4*v - 1919 = 5*m, -4*m = v - 3*v + 958. Is v prime?
False
Suppose -15*o + o = -13538. Is o a composite number?
False
Let o = 1023 + -504. Is o a prime number?
False
Is 629/(8/6 + (-2)/6) a composite number?
True
Suppose 4*y = k + 863 - 95, 4 = -k. Is y a prime number?
True
Suppose -20 = -4*v - v. Suppose 365 = v*c - 139. Let x = c - 3. Is x a composite number?
True
Let v(l) = -l + 1. Suppose 2 = -2*g - 6. Let f be v(g). Suppose -f*c = -144 - 191. Is c composite?
False
Let b = 379 - 29. Suppose -4*t + b = -1458. Suppose t = 2*p + 2*p. Is p composite?
False
Suppose 3*p - 126 = -3*c, 4*c = 3*c + 5*p + 18. Is c prime?
False
Let k = -3 - -4. Is (k + -11)*(-44)/8 a composite number?
True
Let x be 3/(2 + (-2)/4). Suppose -4*h - 3*z = -z + x, -3*z - 9 = 3*h. Is (-5 - 41)*(-5)/h a composite number?
True
Suppose 54 = 4*c - 230. Is c composite?
False
Let c(k) = -k - 1. Let t(u) = 5*u - 2. Let f(j) = 5*c(j) - t(j). Is f(-7) prime?
True
Let j(i) = 9*i - 1. Let n be j(1). Let k = n + -6. Is (-3)/k*56/(-12) prime?
True
Is -691*2*(-1 - 2/(-4)) a composite number?
False
Let o = 32 - 17. Let l be (-10)/(-4)*18/o. Is l + (-2 - 156/(-3)) a prime number?
True
Let z = 4 + -8. Let g(r) = 2*r**2 + r**2 + 6 + 4*r - 1. Is g(z) prime?
True
Let a = 6 - 8. Let p be a/(2/522*-2). Is p/7 + (-4)/14 composite?
False
Let y(s) = 36*s - 1. Is y(13) prime?
True
Let i(p) = -p**3 + 3*p**2 + 11*p - 5. Let j be i(5). Let m = -12 + 17. Suppose 3*f - 5*d - 197 - 47 = j, 2*f - 171 = -m*d. Is f a composite number?
False
Suppose -5*l = -q + 68, -3*l - 79 = -5*q + 195. Is q a composite number?
False
Suppose -5*q - 20 = -5*x, -20 = 2*q - 3*x + 7*x. Let f = q + 11. Suppose 3*w = a + 61, f*w - a - 105 = -0*w. Is w prime?
False
Suppose 0 = 3*p - 6*p + 3714. Is p prime?
False
Let f = -7 - -9. Let c be 1/f + (-9)/(-6). Is (-174)/(-2) - (0 + c) composite?
True
Suppose 0 = 4*n + 206 - 1462. Is n a composite number?
True
Let n = -604 - -1797. Is n a prime number?
True
Let h(y) = 7*y**3 + 2*y**2 - 1. Suppose -3 = 4*w + 1. Let i be h(w). Is 2/4 - 1263/i a composite number?
False
Let h be (2/5)/(3/90). Suppose 0 = 4*t + 4*m - h, -3*t + 3*m = 15. Is 2 + t - (0 - 10) a composite number?
False
Suppose 3*f - 5*f + 4 = 0. Suppose -f*y + 173 + 1181 = 0. Is y a composite number?
False
Let a(r) = r**3 + 8*r**2 + 7*r + 4. Let t be a(-7). Is 886/4*(-2 + t) prime?
True
Suppose 0 = -p + 2, -4*p + p + 16 = 2*l. Suppose -5*u + 25 = l*s - 350, -2*s + 3*u = -130. Is s prime?
True
Suppose 2*r = 1016 + 1094. Is r a prime number?
False
Let p(r) = r**2 - r + 5. Is p(-8) a composite number?
True
Let p(m) = 390*m**2 - m + 1. Is p(2) composite?
False
Suppose -2*j + a + 268 = 2*a, 0 = 4*j + 4*a - 540. Is j a prime number?
False
Let x(p) = -17*p - 6. Suppose 3*n = 9 - 24. Is x(n) a composite number?
False
Let i be 18/(-5)*(-495)/11. Suppose 3*x + i = 4*a - a, 5*a = 4*x + 271. Is a composite?
True
Suppose 12 = p + p. Let h be -663*(p/(-2) - -2). Suppose -3*j = 30 - h. Is j a prime number?
True
Suppose -3*k + 2*k = 10. Let u(x) be the third derivative of -17*x**4/24 - 5*x**3/2 + 5*x**2. Is u(k) a prime number?
False
Is 0 + 2244 - (0 + -1) a prime number?
False
Let x be (1 + -6)*4/(-5). Suppose -3*u = -s + 43, -5*s - x*u + u + 287 = 0. Is s a prime number?
False
Suppose v - 1 = 0, 3*v + 85 + 102 = -5*z. Let m = z - -117. Is m composite?
False
Let p be ((-2)/5)/(3/15). Is 163 + (-2 - p)/(-2) a composite number?
False
Let t = -757 - -1670. Is t a prime number?
False
Suppose -4 = -4*f - 0*f. Let t(b) = -4 + 11*b - f - 1. Is t(5) a composite number?
True
Let f(d) be the third derivative of 0 - 3*d**2 + 0*d - 7/24*d**4 - 1/2*d**3. Is f(-2) composite?
False
Suppose 0 = -3*c + 5*h + 391, 5*c = 3*c + h + 256. Is c a prime number?
True
Let d(v) = 3*v**2 - 4*v. Let k = 3 - 9. Let t be -1*2*15/k. Is d(t) a composite number?
True
Let d = 0 - 2. Is ((-7)/d)/((-6)/(-12)) prime?
True
Suppose 5*z - 868 - 247 = 0. Is z prime?
True
Let d(x) = -3*x + 6. Let w be d(6). Let u = 223 - w. Is u a prime number?
False
Suppose 6*i = 4*i + 10. Suppose 0 = -0*r + 5*r + i*o - 220, -4*r = o - 185. Is r composite?
False
Let c(u) = 4*u**3 - 12*u**2 - 2*u. Let o be 2 + -1 + 2 + 1. Let r(b) = 3*b**3 - 11*b**2 - 2*b + 1. Let y(z) = o*c(z) - 5*r(z). Is y(-6) prime?
True
Let l(k) = -10*k + 8. Let g(f) = 10*f - 7. Let o(q) = -5*g(q) - 6*l(q). Is o(9) composite?
True
Let s(i) = -i**2 + 5*i - 7. Let v be s(7). Let t = v + 3. Let l = 65 - t. Is l composite?
False
Suppose 5*g - 549 - 2144 = -4*o, -5*o + 526 = g. Is g composite?
False
Suppose 0 = -p + 2*d + 7, 2*d = 2*p - 5*p - 11. Let c be 472 - (1 + p)/(-2). Suppose 5*m - m - c = 0. Is m a prime number?
False
Suppose 5*u + 1660 = 4*k - 0*k, 3*k - u - 1245 = 0. Suppose -24 = 5*y + p - k, -3*y = -p - 241. Is y a prime number?
True
Suppose s + 0*s - 3 = 0. Suppose -995 = s*c + 2*c. Let i = -80 - c. Is i a prime number?
False
Let m(f) = 22*f**2 - 3*f + 4. Is m(-3) prime?
True
Let z = 41 + 62. Is z prime?
True
Suppose -2*p - 4 = b, 5*b = -4*p - p - 20. Suppose p = 4*c + 20, -c - 405 = -5*s - 6*c. Suppose 3*n + s = 5*n. Is n composite?
False
Let s(j) = -j**3 + 4*j**2 - 4*j + 3. Let h be s(2). Suppose h*f + 182 = 5*f. Is f prime?
False
Let f(r) = 42*r**2 - 12*r - 7. Is f(-5) a prime number?
True
Suppose 0 = -3*q + 2 + 4. Suppose 0 = 4*g - q*g + 3*h - 191, -2 = -2*h. Is g prime?
False
Suppose 4*v - 3*d + 16 = d, 5*v + 12 = 3*d. Let g = -2 - v. Let o(w) = 12*w**2 - 2. Is o(g) prime?
False
Let z(l) = -3*l**3 + 7*l**2 + 17*l + 11. Let h(f) = 8*f**3 - 21*f**2 - 50*f - 33. Let b(a) = 4*h(a) + 11*z(a). Is b(-8) a prime number?
True
Suppose 7*i + 5*i = 1932. Is i a composite number?
True
Suppose 4*v = -8, -2*v + 166 = -5*l - 0*v. Let f = l + 53. Is f composite?
False
Suppose 0*v = -4*v. Let c(z) = z**2 - z + 113. Is c(v) a prime number?
True
Suppose -b = -0*b. Let r(o) = -o**2 + 5. Let l be r(b). Suppose l*g = 77 + 28. Is g a composite number?
True
Let p(r) be the third derivative of r**4/6 - 2*r**3/3 - 2*r**2. Let o be p(3). Suppose o*f - 340 = 4*f. Is f composite?
True
Let q = 159 - 57. Let k be q/27 + 4/18. Suppose -k*i = -i - 15, -3*i = 3*g - 498. Is g composite?
True
Suppose q + 2*q = 9057. Is q a composite number?
False
Suppose 0 = u + 2*a - 6*a - 1445, -5870 = -4*u - 2*a. Is u composite?
True
Let u be (-3)/2*(-184)/(-6). Let h = 9 - 15. Is u*((-3)/h + -2) prime?
False
Suppose 55 - 10 = 5*t. Let v = t + -5. Let r(y) = 3*y + 3. Is r(v) a prime number?
False
Suppose 0 = 4*v + 4*o - 244, -2*v + 3*v = o + 55. Let m be v*(-3)/((-6)/5). Let i = 222 - m. Is i prime?
False
Suppose 5*c - 73 = 582. Is c composite?
False
Let z = 17 + -18. Let l(i) = -37*i**3. Is l(z) a composite number?
False
Let m = 4 - 4. Suppose m*y = 2*y + 3624. Is y/(-16) + 1/(-4) composite?
False
Let t = -50 - -4. Let w = 83 + t. Is w a prime number?
True
Suppose -44 + 135 = b. Let o = b - 38. Is o a composite number?
False
Let q = -12 - -6. Let y(d) = -4*d**3 + 4*d**2 + 7*d + 5. Is y(q) a composite number?
False
Suppose 4*k = -0*k + 16. Suppose -336 = -k*r + 5*y, -r - 59 = -2*r - 5*y. Is r composite?
False
Let d(o) = o + 31. Let q(x) = -x - 32. Let b(p) = 5*d(p) + 6*q(p). Let v be b(0). Let h = v - -104. Is h composite?
False
Let j be (-2)/6*(-36)/4. Suppose -z = j*z - 1004. Is z prime?
True
Let r(v) = v**2 - 2*v + 4. Suppose 0 = 3*s + 15, -5*j + 2*s + 19 = -2*j. Let q be 1/j + (-16)/(-6). Is r(q) composite?
False
Suppose -2*z - 7 = -3. Let d = 44 - z. Is d prime?
False
Let p(t) 